{"id":1609,"date":"2020-03-20T20:49:52","date_gmt":"2020-03-20T19:49:52","guid":{"rendered":"https:\/\/www.simkol.pl\/?page_id=1609"},"modified":"2021-07-19T11:02:45","modified_gmt":"2021-07-19T09:02:45","slug":"vr","status":"publish","type":"page","link":"https:\/\/www.simkol.pl\/index.php\/oferta\/przewoznicy\/vr\/","title":{"rendered":"Symulator VR"},"content":{"rendered":"\t\t<div data-elementor-type=\"wp-post\" data-elementor-id=\"1609\" class=\"elementor elementor-1609\">\n\t\t\t\t\t\t<section class=\"elementor-section elementor-top-section elementor-element elementor-element-185212a elementor-section-boxed elementor-section-height-default elementor-section-height-default\" data-id=\"185212a\" data-element_type=\"section\" data-e-type=\"section\" data-settings=\"{&quot;background_background&quot;:&quot;gradient&quot;}\">\n\t\t\t\t\t\t<div class=\"elementor-container elementor-column-gap-default\">\n\t\t\t\t\t<div class=\"elementor-column elementor-col-100 elementor-top-column elementor-element elementor-element-32d9e60\" data-id=\"32d9e60\" data-element_type=\"column\" data-e-type=\"column\">\n\t\t\t<div class=\"elementor-widget-wrap elementor-element-populated\">\n\t\t\t\t\t\t<div class=\"elementor-element elementor-element-b5575ff elementor-widget elementor-widget-image-gallery\" data-id=\"b5575ff\" data-element_type=\"widget\" data-e-type=\"widget\" data-widget_type=\"image-gallery.default\">\n\t\t\t\t<div class=\"elementor-widget-container\">\n\t\t\t\t\t\t\t<div class=\"elementor-image-gallery\">\n\t\t\t<div id='gallery-1' class='gallery galleryid-1609 gallery-columns-3 gallery-size-medium'><figure class='gallery-item'>\n\t\t\t<div class='gallery-icon landscape'>\n\t\t\t\t<a data-elementor-open-lightbox=\"yes\" data-elementor-lightbox-slideshow=\"b5575ff\" data-elementor-lightbox-title=\"Symulator VR\" data-e-action-hash=\"#elementor-action%3Aaction%3Dlightbox%26settings%3DeyJpZCI6MTYxNCwidXJsIjoiaHR0cHM6XC9cL3d3dy5zaW1rb2wucGxcL3dwLWNvbnRlbnRcL3VwbG9hZHNcLzIwMjBcLzAzXC9zdGFzemljNS5qcGciLCJzbGlkZXNob3ciOiJiNTU3NWZmIn0%3D\" href='https:\/\/www.simkol.pl\/wp-content\/uploads\/2020\/03\/staszic5.jpg'><img fetchpriority=\"high\" decoding=\"async\" width=\"300\" height=\"169\" src=\"https:\/\/www.simkol.pl\/wp-content\/uploads\/2020\/03\/staszic5-300x169.jpg\" class=\"attachment-medium size-medium\" alt=\"\" srcset=\"https:\/\/www.simkol.pl\/wp-content\/uploads\/2020\/03\/staszic5-300x169.jpg 300w, https:\/\/www.simkol.pl\/wp-content\/uploads\/2020\/03\/staszic5-1024x576.jpg 1024w, https:\/\/www.simkol.pl\/wp-content\/uploads\/2020\/03\/staszic5-768x432.jpg 768w, https:\/\/www.simkol.pl\/wp-content\/uploads\/2020\/03\/staszic5-375x211.jpg 375w, https:\/\/www.simkol.pl\/wp-content\/uploads\/2020\/03\/staszic5.jpg 1337w\" sizes=\"(max-width: 300px) 100vw, 300px\" \/><\/a>\n\t\t\t<\/div><\/figure><figure class='gallery-item'>\n\t\t\t<div class='gallery-icon landscape'>\n\t\t\t\t<a data-elementor-open-lightbox=\"yes\" data-elementor-lightbox-slideshow=\"b5575ff\" data-elementor-lightbox-title=\"Symulator VR\" data-e-action-hash=\"#elementor-action%3Aaction%3Dlightbox%26settings%3DeyJpZCI6MTYxNiwidXJsIjoiaHR0cHM6XC9cL3d3dy5zaW1rb2wucGxcL3dwLWNvbnRlbnRcL3VwbG9hZHNcLzIwMjBcLzAzXC8zMzk1LTEuanBnIiwic2xpZGVzaG93IjoiYjU1NzVmZiJ9\" href='https:\/\/www.simkol.pl\/wp-content\/uploads\/2020\/03\/3395-1.jpg'><img decoding=\"async\" width=\"300\" height=\"169\" src=\"https:\/\/www.simkol.pl\/wp-content\/uploads\/2020\/03\/3395-1-300x169.jpg\" class=\"attachment-medium size-medium\" alt=\"\" srcset=\"https:\/\/www.simkol.pl\/wp-content\/uploads\/2020\/03\/3395-1-300x169.jpg 300w, https:\/\/www.simkol.pl\/wp-content\/uploads\/2020\/03\/3395-1-1024x576.jpg 1024w, https:\/\/www.simkol.pl\/wp-content\/uploads\/2020\/03\/3395-1-768x432.jpg 768w, https:\/\/www.simkol.pl\/wp-content\/uploads\/2020\/03\/3395-1-375x211.jpg 375w, https:\/\/www.simkol.pl\/wp-content\/uploads\/2020\/03\/3395-1.jpg 1500w\" sizes=\"(max-width: 300px) 100vw, 300px\" \/><\/a>\n\t\t\t<\/div><\/figure><figure class='gallery-item'>\n\t\t\t<div class='gallery-icon landscape'>\n\t\t\t\t<a data-elementor-open-lightbox=\"yes\" data-elementor-lightbox-slideshow=\"b5575ff\" data-elementor-lightbox-title=\"Symulator VR\" data-e-action-hash=\"#elementor-action%3Aaction%3Dlightbox%26settings%3DeyJpZCI6MTYxNSwidXJsIjoiaHR0cHM6XC9cL3d3dy5zaW1rb2wucGxcL3dwLWNvbnRlbnRcL3VwbG9hZHNcLzIwMjBcLzAzXC9zdGFzemljOC5qcGciLCJzbGlkZXNob3ciOiJiNTU3NWZmIn0%3D\" href='https:\/\/www.simkol.pl\/wp-content\/uploads\/2020\/03\/staszic8.jpg'><img decoding=\"async\" width=\"300\" height=\"169\" src=\"https:\/\/www.simkol.pl\/wp-content\/uploads\/2020\/03\/staszic8-300x169.jpg\" class=\"attachment-medium size-medium\" alt=\"\" srcset=\"https:\/\/www.simkol.pl\/wp-content\/uploads\/2020\/03\/staszic8-300x169.jpg 300w, https:\/\/www.simkol.pl\/wp-content\/uploads\/2020\/03\/staszic8-1024x576.jpg 1024w, https:\/\/www.simkol.pl\/wp-content\/uploads\/2020\/03\/staszic8-768x432.jpg 768w, https:\/\/www.simkol.pl\/wp-content\/uploads\/2020\/03\/staszic8-375x211.jpg 375w, https:\/\/www.simkol.pl\/wp-content\/uploads\/2020\/03\/staszic8.jpg 1119w\" sizes=\"(max-width: 300px) 100vw, 300px\" \/><\/a>\n\t\t\t<\/div><\/figure>\n\t\t<\/div>\n\t\t<\/div>\n\t\t\t\t\t\t<\/div>\n\t\t\t\t<\/div>\n\t\t\t\t<div class=\"elementor-element elementor-element-9546185 elementor-widget elementor-widget-text-editor\" data-id=\"9546185\" data-element_type=\"widget\" data-e-type=\"widget\" data-widget_type=\"text-editor.default\">\n\t\t\t\t<div class=\"elementor-widget-container\">\n\t\t\t\t\t\t\t\t\t<h3><strong>GOGLE WIRTUALNEJ RZECZYWISTO\u015aCI<\/strong><\/h3>\n<div align=\"justify\">\n<p>Nasze symulatory mog\u0105 zosta\u0107 rozszerzone lub wykonane wy\u0142\u0105cznie w technologi VR (wirtualnej rzeczywisto\u015bci). Obraz wy\u015bwietlany jest poprzez gogle w o k\u0105cie widzenia 360 stopni. Symulator korzysta z zaawansowanego technicznie, autorskiego oprogramowania symulacyjnego SimRail, kt\u00f3re zapewnia niespotykany dot\u0105d&nbsp; realizm fizyki prowadzenia pojazd\u00f3w, wysok\u0105 jako\u015b\u0107 grafiki oraz odwzorowania linii kolejowych. Urz\u0105dzenie mo\u017ce by\u0107 wyposa\u017cone w stanowisko instruktorskie pozwalaj\u0105ce na sterowanie przebiegiem symulacji, generowanie zdarze\u0144 w czasie rzeczywistym oraz rejestracj\u0119 i raportowanie przebiegu szkolenia. Jest to idealne rozwi\u0105zanie dla ma\u0142ych i \u015brednich przewo\u017anik\u00f3w jako uzupe\u0142nienie procesu szkolenia o zagadnienia eco-driving&#8217;u, pracy manewrowej czy obs\u0142ugi ETCS, a tak\u017ce dla szk\u00f3\u0142 kolejowych i uczelni wy\u017cszych.<\/p>\n<p><span style=\"font-size: 14.4px; font-style: inherit; font-weight: inherit; color: var( --e-global-color-text ); font-family: var( --e-global-typography-text-font-family ), Sans-serif; text-align: center; background-color: transparent;\">Jako pierwsza firma na rynku oferujemy innowacyjny symulator do szkolenia pracownik\u00f3w na stanowiskach bezpo\u015brednio zwi\u0105zanych z prowadzeniem i bezpiecze\u0144stwem ruchu kolejowego w technologii wirtualnej rzeczywisto\u015bci.&nbsp;<\/span><span style=\"font-size: 14.4px; font-style: inherit; font-weight: inherit; color: var( --e-global-color-text ); font-family: var( --e-global-typography-text-font-family ), Sans-serif; background-color: transparent; text-align: center;\">To innowacyjne rozwi\u0105zanie pozwala na sprawdzenie, w jaki spos\u00f3b szkolona osoba b\u0119dzie wykonywa\u0107 swoje obowi\u0105zki w sytuacjach stresowych oraz nietypowych, za\u015b opracowane oprogramowanie umo\u017cliwi symulacj\u0119 pracy m.in. dr\u00f3\u017cnika przejazdowego, nastawniczego, czy dy\u017curnego ruchu.<\/span><\/p>\n<\/div>\t\t\t\t\t\t\t\t<\/div>\n\t\t\t\t<\/div>\n\t\t\t\t<div class=\"elementor-element elementor-element-bfdde9d elementor-widget elementor-widget-video\" data-id=\"bfdde9d\" data-element_type=\"widget\" data-e-type=\"widget\" data-settings=\"{&quot;youtube_url&quot;:&quot;https:\\\/\\\/www.youtube.com\\\/watch?v=PAn7Vxne21M&quot;,&quot;video_type&quot;:&quot;youtube&quot;,&quot;controls&quot;:&quot;yes&quot;}\" data-widget_type=\"video.default\">\n\t\t\t\t<div class=\"elementor-widget-container\">\n\t\t\t\t\t\t\t<div class=\"elementor-wrapper elementor-open-inline\">\n\t\t\t<div class=\"elementor-video\"><\/div>\t\t<\/div>\n\t\t\t\t\t\t<\/div>\n\t\t\t\t<\/div>\n\t\t\t\t\t<\/div>\n\t\t<\/div>\n\t\t\t\t\t<\/div>\n\t\t<\/section>\n\t\t\t\t<\/div>\n\t\t","protected":false},"excerpt":{"rendered":"<p>GOGLE WIRTUALNEJ RZECZYWISTO\u015aCI Nasze symulatory mog\u0105 zosta\u0107 rozszerzone lub wykonane wy\u0142\u0105cznie w technologi VR (wirtualnej rzeczywisto\u015bci). Obraz wy\u015bwietlany jest poprzez gogle w o k\u0105cie widzenia 360 stopni. Symulator korzysta z zaawansowanego technicznie, autorskiego oprogramowania symulacyjnego SimRail, kt\u00f3re zapewnia niespotykany dot\u0105d&nbsp; realizm fizyki prowadzenia pojazd\u00f3w, wysok\u0105 jako\u015b\u0107 grafiki oraz odwzorowania linii kolejowych. Urz\u0105dzenie mo\u017ce by\u0107 wyposa\u017cone [&hellip;]<\/p>\n","protected":false},"author":1,"featured_media":0,"parent":1672,"menu_order":3,"comment_status":"closed","ping_status":"closed","template":"page-templates\/pagebuilder.php","meta":{"zakra_page_container_layout":"stretched","zakra_page_sidebar_layout":"no_sidebar","zakra_remove_content_margin":false,"zakra_sidebar":"customizer","zakra_transparent_header":"0","zakra_logo":0,"zakra_main_header_style":"default","zakra_menu_item_color":"","zakra_menu_item_hover_color":"","zakra_menu_item_active_color":"","zakra_menu_active_style":"","zakra_page_header":true,"footnotes":""},"class_list":["post-1609","page","type-page","status-publish","hentry"],"_links":{"self":[{"href":"https:\/\/www.simkol.pl\/index.php\/wp-json\/wp\/v2\/pages\/1609","targetHints":{"allow":["GET"]}}],"collection":[{"href":"https:\/\/www.simkol.pl\/index.php\/wp-json\/wp\/v2\/pages"}],"about":[{"href":"https:\/\/www.simkol.pl\/index.php\/wp-json\/wp\/v2\/types\/page"}],"author":[{"embeddable":true,"href":"https:\/\/www.simkol.pl\/index.php\/wp-json\/wp\/v2\/users\/1"}],"replies":[{"embeddable":true,"href":"https:\/\/www.simkol.pl\/index.php\/wp-json\/wp\/v2\/comments?post=1609"}],"version-history":[{"count":17,"href":"https:\/\/www.simkol.pl\/index.php\/wp-json\/wp\/v2\/pages\/1609\/revisions"}],"predecessor-version":[{"id":1872,"href":"https:\/\/www.simkol.pl\/index.php\/wp-json\/wp\/v2\/pages\/1609\/revisions\/1872"}],"up":[{"embeddable":true,"href":"https:\/\/www.simkol.pl\/index.php\/wp-json\/wp\/v2\/pages\/1672"}],"wp:attachment":[{"href":"https:\/\/www.simkol.pl\/index.php\/wp-json\/wp\/v2\/media?parent=1609"}],"curies":[{"name":"wp","href":"https:\/\/api.w.org\/{rel}","templated":true}]}}